{"id":23,"date":"2024-02-19T18:59:10","date_gmt":"2024-02-19T15:59:10","guid":{"rendered":"https:\/\/gebzemercedesservisi.com.tr\/?page_id=23"},"modified":"2024-02-22T14:30:48","modified_gmt":"2024-02-22T11:30:48","slug":"kurumsal","status":"publish","type":"page","link":"https:\/\/www.gebzevolkswagenservisi.com\/index.php\/kurumsal","title":{"rendered":"Kurumsal"},"content":{"rendered":"<h2>BE\u015eAY MOTORLU ARA\u00c7LAR<\/h2>\n<h3>Servis\/ Yedek Par\u00e7a\/ Kaporta\/ Boya Hizmetleri<\/h3>\n<p>&nbsp;<\/p>\n<p>Be\u015fay Motorlu Ara\u00e7lar \u00d6zel Servisi 2011 y\u0131l\u0131nda hizmete ba\u015flayan k\u00f6kl\u00fc bir kurulu\u015ftur.<br \/>\nSiz de\u011ferli Mercedes,Bmw,Land Rover,Porsche,Audi,Volkswagen marka ara\u00e7 kullan\u0131c\u0131lar\u0131na en iyi hizmeti vermeye devam etmekteyiz.<br \/>\nM\u00fc\u015fterilerimizi ferah ve s\u0131cak bir ortamda en uygun \u00e7\u00f6z\u00fcm\u00fc, en k\u0131sa zamanda bularak ara\u00e7lar\u0131n\u0131n bak\u0131m-onar\u0131m,yedek par\u00e7a,boya-kaporta ihtiya\u00e7lar\u0131n\u0131 kar\u015f\u0131l\u0131yoruz.<\/p>\n<p>&nbsp;<\/p>\n<p class=\"fst-italic\">Be\u015fay Motorlu Ara\u00e7lar olarak t\u00fcm bak\u0131m-onar\u0131m,yedek par\u00e7a,boya-kaporta i\u015flemlerini uygun fiyat,kaliteli hizmet anlay\u0131\u015f\u0131yla yerine getirmekteyiz.<\/p>\n","protected":false},"excerpt":{"rendered":"<p>BE\u015eAY MOTORLU ARA\u00c7LAR Servis\/ Yedek Par\u00e7a\/ Kaporta\/ Boya Hizmetleri &nbsp; Be\u015fay Motorlu Ara\u00e7lar \u00d6zel Servisi 2011 y\u0131l\u0131nda hizmete ba\u015flayan k\u00f6kl\u00fc bir kurulu\u015ftur. Siz de\u011ferli Mercedes,Bmw,Land Rover,Porsche,Audi,Volkswagen marka ara\u00e7 kullan\u0131c\u0131lar\u0131na en iyi hizmeti vermeye devam etmekteyiz. M\u00fc\u015fterilerimizi ferah ve s\u0131cak bir ortamda en uygun \u00e7\u00f6z\u00fcm\u00fc, en k\u0131sa zamanda bularak ara\u00e7lar\u0131n\u0131n bak\u0131m-onar\u0131m,yedek par\u00e7a,boya-kaporta ihtiya\u00e7lar\u0131n\u0131 kar\u015f\u0131l\u0131yoruz. &nbsp; Be\u015fay [&hellip;]<\/p>\n","protected":false},"author":1,"featured_media":0,"parent":0,"menu_order":0,"comment_status":"closed","ping_status":"closed","template":"","meta":{"footnotes":""},"yoast_head":"<!-- This site is optimized with the Yoast SEO Premium plugin v21.4 (Yoast SEO v22.0) - https:\/\/yoast.com\/wordpress\/plugins\/seo\/ -->\r\n<title>Kurumsal - Gebze - Volkswagen Servis<\/title>\r\n<meta name=\"robots\" content=\"index, follow, max-snippet:-1, max-image-preview:large, max-video-preview:-1\" \/>\r\n<link rel=\"canonical\" href=\"https:\/\/www.gebzemercedesservisi.com.tr\/index.php\/kurumsal\" \/>\r\n<meta property=\"og:locale\" content=\"tr_TR\" \/>\r\n<meta property=\"og:type\" content=\"article\" \/>\r\n<meta property=\"og:title\" content=\"Kurumsal\" \/>\r\n<meta property=\"og:description\" content=\"BE\u015eAY MOTORLU ARA\u00c7LAR Servis\/ Yedek Par\u00e7a\/ Kaporta\/ Boya Hizmetleri &nbsp; Be\u015fay Motorlu Ara\u00e7lar \u00d6zel Servisi 2011 y\u0131l\u0131nda hizmete ba\u015flayan k\u00f6kl\u00fc bir kurulu\u015ftur. Siz de\u011ferli Mercedes,Bmw,Land Rover,Porsche,Audi,Volkswagen marka ara\u00e7 kullan\u0131c\u0131lar\u0131na en iyi hizmeti vermeye devam etmekteyiz. M\u00fc\u015fterilerimizi ferah ve s\u0131cak bir ortamda en uygun \u00e7\u00f6z\u00fcm\u00fc, en k\u0131sa zamanda bularak ara\u00e7lar\u0131n\u0131n bak\u0131m-onar\u0131m,yedek par\u00e7a,boya-kaporta ihtiya\u00e7lar\u0131n\u0131 kar\u015f\u0131l\u0131yoruz. &nbsp; Be\u015fay [&hellip;]\" \/>\r\n<meta property=\"og:url\" content=\"https:\/\/www.gebzemercedesservisi.com.tr\/index.php\/kurumsal\" \/>\r\n<meta property=\"og:site_name\" content=\"Gebze - Volkswagen Servis\" \/>\r\n<meta property=\"article:modified_time\" content=\"2024-02-22T11:30:48+00:00\" \/>\r\n<meta name=\"twitter:card\" content=\"summary_large_image\" \/>\r\n<meta name=\"twitter:label1\" content=\"Tahmini okuma s\u00fcresi\" \/>\n\t<meta name=\"twitter:data1\" content=\"1 dakika\" \/>\r\n<script type=\"application\/ld+json\" class=\"yoast-schema-graph\">{\"@context\":\"https:\/\/schema.org\",\"@graph\":[{\"@type\":\"WebPage\",\"@id\":\"https:\/\/www.gebzemercedesservisi.com.tr\/index.php\/kurumsal\",\"url\":\"https:\/\/www.gebzemercedesservisi.com.tr\/index.php\/kurumsal\",\"name\":\"Kurumsal - Gebze - Volkswagen Servis\",\"isPartOf\":{\"@id\":\"https:\/\/www.gebzevolkswagenservisi.com\/#website\"},\"datePublished\":\"2024-02-19T15:59:10+00:00\",\"dateModified\":\"2024-02-22T11:30:48+00:00\",\"breadcrumb\":{\"@id\":\"https:\/\/www.gebzemercedesservisi.com.tr\/index.php\/kurumsal#breadcrumb\"},\"inLanguage\":\"tr\",\"potentialAction\":[{\"@type\":\"ReadAction\",\"target\":[\"https:\/\/www.gebzemercedesservisi.com.tr\/index.php\/kurumsal\"]}]},{\"@type\":\"BreadcrumbList\",\"@id\":\"https:\/\/www.gebzemercedesservisi.com.tr\/index.php\/kurumsal#breadcrumb\",\"itemListElement\":[{\"@type\":\"ListItem\",\"position\":1,\"name\":\"Anasayfa\",\"item\":\"https:\/\/www.gebzemercedesservisi.com.tr\/\"},{\"@type\":\"ListItem\",\"position\":2,\"name\":\"Kurumsal\"}]},{\"@type\":\"WebSite\",\"@id\":\"https:\/\/www.gebzevolkswagenservisi.com\/#website\",\"url\":\"https:\/\/www.gebzevolkswagenservisi.com\/\",\"name\":\"Gebze - Volkswagen Servis\",\"description\":\"Gebze, Volkswagen, Servisi, Gebze Volkswagen Servisi, En Yak\u0131n Volkswagen Servisi\",\"potentialAction\":[{\"@type\":\"SearchAction\",\"target\":{\"@type\":\"EntryPoint\",\"urlTemplate\":\"https:\/\/www.gebzevolkswagenservisi.com\/?s={search_term_string}\"},\"query-input\":\"required name=search_term_string\"}],\"inLanguage\":\"tr\"}]}<\/script>\r\n<!-- \/ Yoast SEO Premium plugin. -->","yoast_head_json":{"title":"Kurumsal - Gebze - Volkswagen Servis","robots":{"index":"index","follow":"follow","max-snippet":"max-snippet:-1","max-image-preview":"max-image-preview:large","max-video-preview":"max-video-preview:-1"},"canonical":"https:\/\/www.gebzemercedesservisi.com.tr\/index.php\/kurumsal","og_locale":"tr_TR","og_type":"article","og_title":"Kurumsal","og_description":"BE\u015eAY MOTORLU ARA\u00c7LAR Servis\/ Yedek Par\u00e7a\/ Kaporta\/ Boya Hizmetleri &nbsp; Be\u015fay Motorlu Ara\u00e7lar \u00d6zel Servisi 2011 y\u0131l\u0131nda hizmete ba\u015flayan k\u00f6kl\u00fc bir kurulu\u015ftur. Siz de\u011ferli Mercedes,Bmw,Land Rover,Porsche,Audi,Volkswagen marka ara\u00e7 kullan\u0131c\u0131lar\u0131na en iyi hizmeti vermeye devam etmekteyiz. M\u00fc\u015fterilerimizi ferah ve s\u0131cak bir ortamda en uygun \u00e7\u00f6z\u00fcm\u00fc, en k\u0131sa zamanda bularak ara\u00e7lar\u0131n\u0131n bak\u0131m-onar\u0131m,yedek par\u00e7a,boya-kaporta ihtiya\u00e7lar\u0131n\u0131 kar\u015f\u0131l\u0131yoruz. &nbsp; Be\u015fay [&hellip;]","og_url":"https:\/\/www.gebzemercedesservisi.com.tr\/index.php\/kurumsal","og_site_name":"Gebze - Volkswagen Servis","article_modified_time":"2024-02-22T11:30:48+00:00","twitter_card":"summary_large_image","twitter_misc":{"Tahmini okuma s\u00fcresi":"1 dakika"},"schema":{"@context":"https:\/\/schema.org","@graph":[{"@type":"WebPage","@id":"https:\/\/www.gebzemercedesservisi.com.tr\/index.php\/kurumsal","url":"https:\/\/www.gebzemercedesservisi.com.tr\/index.php\/kurumsal","name":"Kurumsal - Gebze - Volkswagen Servis","isPartOf":{"@id":"https:\/\/www.gebzevolkswagenservisi.com\/#website"},"datePublished":"2024-02-19T15:59:10+00:00","dateModified":"2024-02-22T11:30:48+00:00","breadcrumb":{"@id":"https:\/\/www.gebzemercedesservisi.com.tr\/index.php\/kurumsal#breadcrumb"},"inLanguage":"tr","potentialAction":[{"@type":"ReadAction","target":["https:\/\/www.gebzemercedesservisi.com.tr\/index.php\/kurumsal"]}]},{"@type":"BreadcrumbList","@id":"https:\/\/www.gebzemercedesservisi.com.tr\/index.php\/kurumsal#breadcrumb","itemListElement":[{"@type":"ListItem","position":1,"name":"Anasayfa","item":"https:\/\/www.gebzemercedesservisi.com.tr\/"},{"@type":"ListItem","position":2,"name":"Kurumsal"}]},{"@type":"WebSite","@id":"https:\/\/www.gebzevolkswagenservisi.com\/#website","url":"https:\/\/www.gebzevolkswagenservisi.com\/","name":"Gebze - Volkswagen Servis","description":"Gebze, Volkswagen, Servisi, Gebze Volkswagen Servisi, En Yak\u0131n Volkswagen Servisi","potentialAction":[{"@type":"SearchAction","target":{"@type":"EntryPoint","urlTemplate":"https:\/\/www.gebzevolkswagenservisi.com\/?s={search_term_string}"},"query-input":"required name=search_term_string"}],"inLanguage":"tr"}]}},"_links":{"self":[{"href":"https:\/\/www.gebzevolkswagenservisi.com\/index.php\/wp-json\/wp\/v2\/pages\/23"}],"collection":[{"href":"https:\/\/www.gebzevolkswagenservisi.com\/index.php\/wp-json\/wp\/v2\/pages"}],"about":[{"href":"https:\/\/www.gebzevolkswagenservisi.com\/index.php\/wp-json\/wp\/v2\/types\/page"}],"author":[{"embeddable":true,"href":"https:\/\/www.gebzevolkswagenservisi.com\/index.php\/wp-json\/wp\/v2\/users\/1"}],"replies":[{"embeddable":true,"href":"https:\/\/www.gebzevolkswagenservisi.com\/index.php\/wp-json\/wp\/v2\/comments?post=23"}],"version-history":[{"count":2,"href":"https:\/\/www.gebzevolkswagenservisi.com\/index.php\/wp-json\/wp\/v2\/pages\/23\/revisions"}],"predecessor-version":[{"id":104,"href":"https:\/\/www.gebzevolkswagenservisi.com\/index.php\/wp-json\/wp\/v2\/pages\/23\/revisions\/104"}],"wp:attachment":[{"href":"https:\/\/www.gebzevolkswagenservisi.com\/index.php\/wp-json\/wp\/v2\/media?parent=23"}],"curies":[{"name":"wp","href":"https:\/\/api.w.org\/{rel}","templated":true}]}}